{"id":7,"date":"2025-01-15T04:14:13","date_gmt":"2025-01-15T04:14:13","guid":{"rendered":"https:\/\/kotzij.com.gt\/?page_id=7"},"modified":"2025-01-21T19:53:53","modified_gmt":"2025-01-21T19:53:53","slug":"elementor-7","status":"publish","type":"page","link":"https:\/\/kotzij.com.gt\/","title":{"rendered":"KOTZ&#8217;IJ GUATEMALA S.A."},"content":{"rendered":"\n<p><\/p>\n\n\n\n<div class=\"wp-block-group\"><div class=\"wp-block-group__inner-container is-layout-constrained wp-block-group-is-layout-constrained\">\n<h2 class=\"wp-block-heading has-text-align-center has-xx-large-font-size\" style=\"margin-right:0;margin-left:0;padding-right:0;padding-left:0\">La belleza de la naturaleza en cada detalle<\/h2>\n\n\n\n<p class=\"has-text-align-center\">Descubre nuestras delicadas flores, cultivadas con amor y dedicaci\u00f3n. Llenamos tus momentos especiales de color, fragancia y vida<\/p>\n<\/div><\/div>\n\n\n\n<div class=\"wp-block-group alignfull\" style=\"min-height:0vh;margin-top:0;margin-bottom:0;padding-top:var(--wp--preset--spacing--70);padding-right:var(--wp--preset--spacing--40);padding-bottom:var(--wp--preset--spacing--70);padding-left:var(--wp--preset--spacing--40)\"><div class=\"wp-block-group__inner-container is-layout-constrained wp-container-core-group-is-layout-50021241 wp-block-group-is-layout-constrained\">\n<div class=\"wp-block-jetpack-slideshow aligncenter\" data-autoplay=\"true\" data-delay=\"3\" data-effect=\"fade\"><div class=\"wp-block-jetpack-slideshow_container swiper-container\"><ul class=\"wp-block-jetpack-slideshow_swiper-wrapper swiper-wrapper\"><li class=\"wp-block-jetpack-slideshow_slide swiper-slide\"><figure><img fetchpriority=\"high\" decoding=\"async\" width=\"1024\" height=\"1024\" alt=\"\" class=\"wp-block-jetpack-slideshow_image wp-image-97\" data-id=\"97\" src=\"https:\/\/kotzij.com.gt\/wp-content\/uploads\/2025\/01\/1-4-1024x1024.png\" srcset=\"https:\/\/kotzij.com.gt\/wp-content\/uploads\/2025\/01\/1-4-1024x1024.png 1024w, https:\/\/kotzij.com.gt\/wp-content\/uploads\/2025\/01\/1-4-300x300.png 300w, https:\/\/kotzij.com.gt\/wp-content\/uploads\/2025\/01\/1-4-150x150.png 150w, https:\/\/kotzij.com.gt\/wp-content\/uploads\/2025\/01\/1-4-768x768.png 768w, https:\/\/kotzij.com.gt\/wp-content\/uploads\/2025\/01\/1-4.png 1080w\" sizes=\"(max-width: 1024px) 100vw, 1024px\" \/><\/figure><\/li><li class=\"wp-block-jetpack-slideshow_slide swiper-slide\"><figure><img decoding=\"async\" width=\"1024\" height=\"1024\" alt=\"\" class=\"wp-block-jetpack-slideshow_image wp-image-98\" data-id=\"98\" src=\"https:\/\/kotzij.com.gt\/wp-content\/uploads\/2025\/01\/2-2-1024x1024.png\" srcset=\"https:\/\/kotzij.com.gt\/wp-content\/uploads\/2025\/01\/2-2-1024x1024.png 1024w, https:\/\/kotzij.com.gt\/wp-content\/uploads\/2025\/01\/2-2-300x300.png 300w, https:\/\/kotzij.com.gt\/wp-content\/uploads\/2025\/01\/2-2-150x150.png 150w, https:\/\/kotzij.com.gt\/wp-content\/uploads\/2025\/01\/2-2-768x768.png 768w, https:\/\/kotzij.com.gt\/wp-content\/uploads\/2025\/01\/2-2.png 1080w\" sizes=\"(max-width: 1024px) 100vw, 1024px\" \/><\/figure><\/li><li class=\"wp-block-jetpack-slideshow_slide swiper-slide\"><figure><img decoding=\"async\" width=\"1024\" height=\"1024\" alt=\"\" class=\"wp-block-jetpack-slideshow_image wp-image-99\" data-id=\"99\" src=\"https:\/\/kotzij.com.gt\/wp-content\/uploads\/2025\/01\/3-2-1024x1024.png\" srcset=\"https:\/\/kotzij.com.gt\/wp-content\/uploads\/2025\/01\/3-2-1024x1024.png 1024w, https:\/\/kotzij.com.gt\/wp-content\/uploads\/2025\/01\/3-2-300x300.png 300w, https:\/\/kotzij.com.gt\/wp-content\/uploads\/2025\/01\/3-2-150x150.png 150w, https:\/\/kotzij.com.gt\/wp-content\/uploads\/2025\/01\/3-2-768x768.png 768w, https:\/\/kotzij.com.gt\/wp-content\/uploads\/2025\/01\/3-2.png 1080w\" sizes=\"(max-width: 1024px) 100vw, 1024px\" \/><\/figure><\/li><li class=\"wp-block-jetpack-slideshow_slide swiper-slide\"><figure><img loading=\"lazy\" decoding=\"async\" width=\"1024\" height=\"1024\" alt=\"\" class=\"wp-block-jetpack-slideshow_image wp-image-100\" data-id=\"100\" src=\"https:\/\/kotzij.com.gt\/wp-content\/uploads\/2025\/01\/4-1-1024x1024.png\" srcset=\"https:\/\/kotzij.com.gt\/wp-content\/uploads\/2025\/01\/4-1-1024x1024.png 1024w, https:\/\/kotzij.com.gt\/wp-content\/uploads\/2025\/01\/4-1-300x300.png 300w, https:\/\/kotzij.com.gt\/wp-content\/uploads\/2025\/01\/4-1-150x150.png 150w, https:\/\/kotzij.com.gt\/wp-content\/uploads\/2025\/01\/4-1-768x768.png 768w, https:\/\/kotzij.com.gt\/wp-content\/uploads\/2025\/01\/4-1.png 1080w\" sizes=\"(max-width: 1024px) 100vw, 1024px\" \/><\/figure><\/li><li class=\"wp-block-jetpack-slideshow_slide swiper-slide\"><figure><img loading=\"lazy\" decoding=\"async\" width=\"1024\" height=\"1024\" alt=\"\" class=\"wp-block-jetpack-slideshow_image wp-image-101\" data-id=\"101\" src=\"https:\/\/kotzij.com.gt\/wp-content\/uploads\/2025\/01\/5-1-1024x1024.png\" srcset=\"https:\/\/kotzij.com.gt\/wp-content\/uploads\/2025\/01\/5-1-1024x1024.png 1024w, https:\/\/kotzij.com.gt\/wp-content\/uploads\/2025\/01\/5-1-300x300.png 300w, https:\/\/kotzij.com.gt\/wp-content\/uploads\/2025\/01\/5-1-150x150.png 150w, https:\/\/kotzij.com.gt\/wp-content\/uploads\/2025\/01\/5-1-768x768.png 768w, https:\/\/kotzij.com.gt\/wp-content\/uploads\/2025\/01\/5-1.png 1080w\" sizes=\"(max-width: 1024px) 100vw, 1024px\" \/><\/figure><\/li><li class=\"wp-block-jetpack-slideshow_slide swiper-slide\"><figure><img loading=\"lazy\" decoding=\"async\" width=\"1024\" height=\"1024\" alt=\"\" class=\"wp-block-jetpack-slideshow_image wp-image-102\" data-id=\"102\" src=\"https:\/\/kotzij.com.gt\/wp-content\/uploads\/2025\/01\/6-2-1024x1024.png\" srcset=\"https:\/\/kotzij.com.gt\/wp-content\/uploads\/2025\/01\/6-2-1024x1024.png 1024w, https:\/\/kotzij.com.gt\/wp-content\/uploads\/2025\/01\/6-2-300x300.png 300w, https:\/\/kotzij.com.gt\/wp-content\/uploads\/2025\/01\/6-2-150x150.png 150w, https:\/\/kotzij.com.gt\/wp-content\/uploads\/2025\/01\/6-2-768x768.png 768w, https:\/\/kotzij.com.gt\/wp-content\/uploads\/2025\/01\/6-2.png 1080w\" sizes=\"(max-width: 1024px) 100vw, 1024px\" \/><\/figure><\/li><li class=\"wp-block-jetpack-slideshow_slide swiper-slide\"><figure><img loading=\"lazy\" decoding=\"async\" width=\"1024\" height=\"1024\" alt=\"\" class=\"wp-block-jetpack-slideshow_image wp-image-103\" data-id=\"103\" src=\"https:\/\/kotzij.com.gt\/wp-content\/uploads\/2025\/01\/7-1-1024x1024.png\" srcset=\"https:\/\/kotzij.com.gt\/wp-content\/uploads\/2025\/01\/7-1-1024x1024.png 1024w, https:\/\/kotzij.com.gt\/wp-content\/uploads\/2025\/01\/7-1-300x300.png 300w, https:\/\/kotzij.com.gt\/wp-content\/uploads\/2025\/01\/7-1-150x150.png 150w, https:\/\/kotzij.com.gt\/wp-content\/uploads\/2025\/01\/7-1-768x768.png 768w, https:\/\/kotzij.com.gt\/wp-content\/uploads\/2025\/01\/7-1.png 1080w\" sizes=\"(max-width: 1024px) 100vw, 1024px\" \/><\/figure><\/li><li class=\"wp-block-jetpack-slideshow_slide swiper-slide\"><figure><img loading=\"lazy\" decoding=\"async\" width=\"1024\" height=\"1024\" alt=\"\" class=\"wp-block-jetpack-slideshow_image wp-image-104\" data-id=\"104\" src=\"https:\/\/kotzij.com.gt\/wp-content\/uploads\/2025\/01\/8-1024x1024.png\" srcset=\"https:\/\/kotzij.com.gt\/wp-content\/uploads\/2025\/01\/8-1024x1024.png 1024w, https:\/\/kotzij.com.gt\/wp-content\/uploads\/2025\/01\/8-300x300.png 300w, https:\/\/kotzij.com.gt\/wp-content\/uploads\/2025\/01\/8-150x150.png 150w, https:\/\/kotzij.com.gt\/wp-content\/uploads\/2025\/01\/8-768x768.png 768w, https:\/\/kotzij.com.gt\/wp-content\/uploads\/2025\/01\/8.png 1080w\" sizes=\"(max-width: 1024px) 100vw, 1024px\" \/><\/figure><\/li><li class=\"wp-block-jetpack-slideshow_slide swiper-slide\"><figure><img loading=\"lazy\" decoding=\"async\" width=\"1024\" height=\"1024\" alt=\"\" class=\"wp-block-jetpack-slideshow_image wp-image-105\" data-id=\"105\" src=\"https:\/\/kotzij.com.gt\/wp-content\/uploads\/2025\/01\/9-1024x1024.png\" srcset=\"https:\/\/kotzij.com.gt\/wp-content\/uploads\/2025\/01\/9-1024x1024.png 1024w, https:\/\/kotzij.com.gt\/wp-content\/uploads\/2025\/01\/9-300x300.png 300w, https:\/\/kotzij.com.gt\/wp-content\/uploads\/2025\/01\/9-150x150.png 150w, https:\/\/kotzij.com.gt\/wp-content\/uploads\/2025\/01\/9-768x768.png 768w, https:\/\/kotzij.com.gt\/wp-content\/uploads\/2025\/01\/9.png 1080w\" sizes=\"(max-width: 1024px) 100vw, 1024px\" \/><\/figure><\/li><li class=\"wp-block-jetpack-slideshow_slide swiper-slide\"><figure><img loading=\"lazy\" decoding=\"async\" width=\"1024\" height=\"1024\" alt=\"\" class=\"wp-block-jetpack-slideshow_image wp-image-106\" data-id=\"106\" src=\"https:\/\/kotzij.com.gt\/wp-content\/uploads\/2025\/01\/10-1024x1024.png\" srcset=\"https:\/\/kotzij.com.gt\/wp-content\/uploads\/2025\/01\/10-1024x1024.png 1024w, https:\/\/kotzij.com.gt\/wp-content\/uploads\/2025\/01\/10-300x300.png 300w, https:\/\/kotzij.com.gt\/wp-content\/uploads\/2025\/01\/10-150x150.png 150w, https:\/\/kotzij.com.gt\/wp-content\/uploads\/2025\/01\/10-768x768.png 768w, https:\/\/kotzij.com.gt\/wp-content\/uploads\/2025\/01\/10.png 1080w\" sizes=\"(max-width: 1024px) 100vw, 1024px\" \/><\/figure><\/li><li class=\"wp-block-jetpack-slideshow_slide swiper-slide\"><figure><img loading=\"lazy\" decoding=\"async\" width=\"1024\" height=\"1024\" alt=\"\" class=\"wp-block-jetpack-slideshow_image wp-image-107\" data-id=\"107\" src=\"https:\/\/kotzij.com.gt\/wp-content\/uploads\/2025\/01\/11-1024x1024.png\" srcset=\"https:\/\/kotzij.com.gt\/wp-content\/uploads\/2025\/01\/11-1024x1024.png 1024w, https:\/\/kotzij.com.gt\/wp-content\/uploads\/2025\/01\/11-300x300.png 300w, https:\/\/kotzij.com.gt\/wp-content\/uploads\/2025\/01\/11-150x150.png 150w, https:\/\/kotzij.com.gt\/wp-content\/uploads\/2025\/01\/11-768x768.png 768w, https:\/\/kotzij.com.gt\/wp-content\/uploads\/2025\/01\/11.png 1080w\" sizes=\"(max-width: 1024px) 100vw, 1024px\" \/><\/figure><\/li><li class=\"wp-block-jetpack-slideshow_slide swiper-slide\"><figure><img loading=\"lazy\" decoding=\"async\" width=\"1024\" height=\"1024\" alt=\"\" class=\"wp-block-jetpack-slideshow_image wp-image-108\" data-id=\"108\" src=\"https:\/\/kotzij.com.gt\/wp-content\/uploads\/2025\/01\/12-1024x1024.png\" srcset=\"https:\/\/kotzij.com.gt\/wp-content\/uploads\/2025\/01\/12-1024x1024.png 1024w, https:\/\/kotzij.com.gt\/wp-content\/uploads\/2025\/01\/12-300x300.png 300w, https:\/\/kotzij.com.gt\/wp-content\/uploads\/2025\/01\/12-150x150.png 150w, https:\/\/kotzij.com.gt\/wp-content\/uploads\/2025\/01\/12-768x768.png 768w, https:\/\/kotzij.com.gt\/wp-content\/uploads\/2025\/01\/12.png 1080w\" sizes=\"(max-width: 1024px) 100vw, 1024px\" \/><\/figure><\/li><li class=\"wp-block-jetpack-slideshow_slide swiper-slide\"><figure><img loading=\"lazy\" decoding=\"async\" width=\"1024\" height=\"1024\" alt=\"\" class=\"wp-block-jetpack-slideshow_image wp-image-109\" data-id=\"109\" src=\"https:\/\/kotzij.com.gt\/wp-content\/uploads\/2025\/01\/13-1-1024x1024.png\" srcset=\"https:\/\/kotzij.com.gt\/wp-content\/uploads\/2025\/01\/13-1-1024x1024.png 1024w, https:\/\/kotzij.com.gt\/wp-content\/uploads\/2025\/01\/13-1-300x300.png 300w, https:\/\/kotzij.com.gt\/wp-content\/uploads\/2025\/01\/13-1-150x150.png 150w, https:\/\/kotzij.com.gt\/wp-content\/uploads\/2025\/01\/13-1-768x768.png 768w, https:\/\/kotzij.com.gt\/wp-content\/uploads\/2025\/01\/13-1.png 1080w\" sizes=\"(max-width: 1024px) 100vw, 1024px\" \/><\/figure><\/li><li class=\"wp-block-jetpack-slideshow_slide swiper-slide\"><figure><img loading=\"lazy\" decoding=\"async\" width=\"1024\" height=\"1024\" alt=\"\" class=\"wp-block-jetpack-slideshow_image wp-image-110\" data-id=\"110\" src=\"https:\/\/kotzij.com.gt\/wp-content\/uploads\/2025\/01\/14-1024x1024.png\" srcset=\"https:\/\/kotzij.com.gt\/wp-content\/uploads\/2025\/01\/14-1024x1024.png 1024w, https:\/\/kotzij.com.gt\/wp-content\/uploads\/2025\/01\/14-300x300.png 300w, https:\/\/kotzij.com.gt\/wp-content\/uploads\/2025\/01\/14-150x150.png 150w, https:\/\/kotzij.com.gt\/wp-content\/uploads\/2025\/01\/14-768x768.png 768w, https:\/\/kotzij.com.gt\/wp-content\/uploads\/2025\/01\/14.png 1080w\" sizes=\"(max-width: 1024px) 100vw, 1024px\" \/><\/figure><\/li><li class=\"wp-block-jetpack-slideshow_slide swiper-slide\"><figure><img loading=\"lazy\" decoding=\"async\" width=\"1024\" height=\"1024\" alt=\"\" class=\"wp-block-jetpack-slideshow_image wp-image-111\" data-id=\"111\" src=\"https:\/\/kotzij.com.gt\/wp-content\/uploads\/2025\/01\/15-1024x1024.png\" srcset=\"https:\/\/kotzij.com.gt\/wp-content\/uploads\/2025\/01\/15-1024x1024.png 1024w, https:\/\/kotzij.com.gt\/wp-content\/uploads\/2025\/01\/15-300x300.png 300w, https:\/\/kotzij.com.gt\/wp-content\/uploads\/2025\/01\/15-150x150.png 150w, https:\/\/kotzij.com.gt\/wp-content\/uploads\/2025\/01\/15-768x768.png 768w, https:\/\/kotzij.com.gt\/wp-content\/uploads\/2025\/01\/15.png 1080w\" sizes=\"(max-width: 1024px) 100vw, 1024px\" \/><\/figure><\/li><li class=\"wp-block-jetpack-slideshow_slide swiper-slide\"><figure><img loading=\"lazy\" decoding=\"async\" width=\"1024\" height=\"1024\" alt=\"\" class=\"wp-block-jetpack-slideshow_image wp-image-112\" data-id=\"112\" src=\"https:\/\/kotzij.com.gt\/wp-content\/uploads\/2025\/01\/16-1024x1024.png\" srcset=\"https:\/\/kotzij.com.gt\/wp-content\/uploads\/2025\/01\/16-1024x1024.png 1024w, https:\/\/kotzij.com.gt\/wp-content\/uploads\/2025\/01\/16-300x300.png 300w, https:\/\/kotzij.com.gt\/wp-content\/uploads\/2025\/01\/16-150x150.png 150w, https:\/\/kotzij.com.gt\/wp-content\/uploads\/2025\/01\/16-768x768.png 768w, https:\/\/kotzij.com.gt\/wp-content\/uploads\/2025\/01\/16.png 1080w\" sizes=\"(max-width: 1024px) 100vw, 1024px\" \/><\/figure><\/li><li class=\"wp-block-jetpack-slideshow_slide swiper-slide\"><figure><img loading=\"lazy\" decoding=\"async\" width=\"1024\" height=\"1024\" alt=\"\" class=\"wp-block-jetpack-slideshow_image wp-image-113\" data-id=\"113\" src=\"https:\/\/kotzij.com.gt\/wp-content\/uploads\/2025\/01\/17-1024x1024.png\" srcset=\"https:\/\/kotzij.com.gt\/wp-content\/uploads\/2025\/01\/17-1024x1024.png 1024w, https:\/\/kotzij.com.gt\/wp-content\/uploads\/2025\/01\/17-300x300.png 300w, https:\/\/kotzij.com.gt\/wp-content\/uploads\/2025\/01\/17-150x150.png 150w, https:\/\/kotzij.com.gt\/wp-content\/uploads\/2025\/01\/17-768x768.png 768w, https:\/\/kotzij.com.gt\/wp-content\/uploads\/2025\/01\/17.png 1080w\" sizes=\"(max-width: 1024px) 100vw, 1024px\" \/><\/figure><\/li><li class=\"wp-block-jetpack-slideshow_slide swiper-slide\"><figure><img loading=\"lazy\" decoding=\"async\" width=\"1024\" height=\"1024\" alt=\"\" class=\"wp-block-jetpack-slideshow_image wp-image-114\" data-id=\"114\" src=\"https:\/\/kotzij.com.gt\/wp-content\/uploads\/2025\/01\/18-1024x1024.png\" srcset=\"https:\/\/kotzij.com.gt\/wp-content\/uploads\/2025\/01\/18-1024x1024.png 1024w, https:\/\/kotzij.com.gt\/wp-content\/uploads\/2025\/01\/18-300x300.png 300w, https:\/\/kotzij.com.gt\/wp-content\/uploads\/2025\/01\/18-150x150.png 150w, https:\/\/kotzij.com.gt\/wp-content\/uploads\/2025\/01\/18-768x768.png 768w, https:\/\/kotzij.com.gt\/wp-content\/uploads\/2025\/01\/18.png 1080w\" sizes=\"(max-width: 1024px) 100vw, 1024px\" \/><\/figure><\/li><\/ul><a class=\"wp-block-jetpack-slideshow_button-prev swiper-button-prev swiper-button-white\" role=\"button\"><\/a><a class=\"wp-block-jetpack-slideshow_button-next swiper-button-next swiper-button-white\" role=\"button\"><\/a><a aria-label=\"Pause Slideshow\" class=\"wp-block-jetpack-slideshow_button-pause\" role=\"button\"><\/a><div class=\"wp-block-jetpack-slideshow_pagination swiper-pagination swiper-pagination-white\"><\/div><\/div><\/div>\n<\/div><\/div>\n\n\n\n<div class=\"wp-block-group alignfull is-style-section-1\" style=\"margin-top:0;margin-bottom:0;padding-top:var(--wp--preset--spacing--80);padding-bottom:var(--wp--preset--spacing--80)\"><div class=\"wp-block-group__inner-container is-layout-constrained wp-block-group-is-layout-constrained\">\n<div class=\"wp-block-columns alignwide is-layout-flex wp-container-core-columns-is-layout-5770a4fd wp-block-columns-is-layout-flex\">\n<div class=\"wp-block-column is-layout-flow wp-block-column-is-layout-flow\" style=\"padding-right:var(--wp--preset--spacing--50);flex-basis:45%\">\n<figure class=\"wp-block-image size-full\"><img loading=\"lazy\" decoding=\"async\" width=\"1916\" height=\"1078\" src=\"https:\/\/kotzij.com.gt\/wp-content\/uploads\/2025\/01\/cropped-IMG_7226-scaled-1.jpg\" alt=\"\" class=\"wp-image-74\" srcset=\"https:\/\/kotzij.com.gt\/wp-content\/uploads\/2025\/01\/cropped-IMG_7226-scaled-1.jpg 1916w, https:\/\/kotzij.com.gt\/wp-content\/uploads\/2025\/01\/cropped-IMG_7226-scaled-1-300x169.jpg 300w, https:\/\/kotzij.com.gt\/wp-content\/uploads\/2025\/01\/cropped-IMG_7226-scaled-1-1024x576.jpg 1024w, https:\/\/kotzij.com.gt\/wp-content\/uploads\/2025\/01\/cropped-IMG_7226-scaled-1-768x432.jpg 768w, https:\/\/kotzij.com.gt\/wp-content\/uploads\/2025\/01\/cropped-IMG_7226-scaled-1-1536x864.jpg 1536w\" sizes=\"(max-width: 1916px) 100vw, 1916px\" \/><\/figure>\n\n\n\n<div class=\"wp-block-group\" style=\"margin-top:-12vw\"><div class=\"wp-block-group__inner-container is-layout-constrained wp-block-group-is-layout-constrained\"><div class=\"wp-block-image is-resized\">\n<figure class=\"alignright size-full\" style=\"margin-right:-5vw;margin-left:-5vw\"><img loading=\"lazy\" decoding=\"async\" width=\"1080\" height=\"1080\" src=\"https:\/\/kotzij.com.gt\/wp-content\/uploads\/2025\/01\/18.png\" alt=\"\" class=\"wp-image-114\" style=\"width:202px\" srcset=\"https:\/\/kotzij.com.gt\/wp-content\/uploads\/2025\/01\/18.png 1080w, https:\/\/kotzij.com.gt\/wp-content\/uploads\/2025\/01\/18-300x300.png 300w, https:\/\/kotzij.com.gt\/wp-content\/uploads\/2025\/01\/18-1024x1024.png 1024w, https:\/\/kotzij.com.gt\/wp-content\/uploads\/2025\/01\/18-150x150.png 150w, https:\/\/kotzij.com.gt\/wp-content\/uploads\/2025\/01\/18-768x768.png 768w\" sizes=\"(max-width: 1080px) 100vw, 1080px\" \/><\/figure>\n<\/div><\/div><\/div>\n<\/div>\n\n\n\n<div class=\"wp-block-column is-vertically-aligned-center is-layout-flow wp-block-column-is-layout-flow\" style=\"padding-right:0;padding-left:0;flex-basis:50%\">\n<div class=\"wp-block-group is-vertical is-layout-flex wp-container-core-group-is-layout-8cf370e7 wp-block-group-is-layout-flex\">\n<h2 class=\"wp-block-heading is-style-text-annotation\">Acerca de nosotros<\/h2>\n<\/div>\n\n\n\n<p class=\"is-style-text-subtitle\">En <strong>Kotzij<\/strong> nos esforzamos por sembrar alegr\u00eda y belleza en cada flor, preservando nuestras ra\u00edces agr\u00edcolas y llevando un pedacito de nuestra tierra hasta los corazones de quienes valoran lo natural y aut\u00e9ntico..<\/p>\n<\/div>\n<\/div>\n<\/div><\/div>\n\n\n\n<div class=\"wp-block-group alignfull\" style=\"margin-top:0;margin-bottom:0;padding-top:var(--wp--preset--spacing--50);padding-bottom:var(--wp--preset--spacing--50)\"><div class=\"wp-block-group__inner-container is-layout-constrained wp-block-group-is-layout-constrained\">\n<h2 class=\"wp-block-heading alignwide\">Nuestros Servicios<\/h2>\n\n\n\n<div class=\"wp-block-columns alignwide is-layout-flex wp-container-core-columns-is-layout-9d6595d7 wp-block-columns-is-layout-flex\">\n<div class=\"wp-block-column is-layout-flow wp-block-column-is-layout-flow\">\n<figure class=\"wp-block-image size-full\" style=\"margin-bottom:24px\"><img loading=\"lazy\" decoding=\"async\" width=\"1080\" height=\"1080\" src=\"https:\/\/kotzij.com.gt\/wp-content\/uploads\/2025\/01\/19.png\" alt=\"\" class=\"wp-image-116\" style=\"aspect-ratio:4\/3;object-fit:cover\" srcset=\"https:\/\/kotzij.com.gt\/wp-content\/uploads\/2025\/01\/19.png 1080w, https:\/\/kotzij.com.gt\/wp-content\/uploads\/2025\/01\/19-300x300.png 300w, https:\/\/kotzij.com.gt\/wp-content\/uploads\/2025\/01\/19-1024x1024.png 1024w, https:\/\/kotzij.com.gt\/wp-content\/uploads\/2025\/01\/19-150x150.png 150w, https:\/\/kotzij.com.gt\/wp-content\/uploads\/2025\/01\/19-768x768.png 768w\" sizes=\"(max-width: 1080px) 100vw, 1080px\" \/><\/figure>\n\n\n\n<h3 class=\"wp-block-heading\">Importamos<\/h3>\n\n\n\n<p class=\"has-medium-font-size\">Importamos semillas seleccionadas, garantizando que cada flor refleje nuestra entrega y compromiso con la excelencia.<\/p>\n<\/div>\n\n\n\n<div class=\"wp-block-column is-layout-flow wp-block-column-is-layout-flow\">\n<figure class=\"wp-block-image size-full\" style=\"margin-bottom:24px\"><img loading=\"lazy\" decoding=\"async\" width=\"2560\" height=\"1920\" src=\"https:\/\/kotzij.com.gt\/wp-content\/uploads\/2025\/01\/IMG_20250121_104127-edited-scaled.jpg\" alt=\"\" class=\"wp-image-84\" style=\"aspect-ratio:4\/3;object-fit:cover\" srcset=\"https:\/\/kotzij.com.gt\/wp-content\/uploads\/2025\/01\/IMG_20250121_104127-edited-scaled.jpg 2560w, https:\/\/kotzij.com.gt\/wp-content\/uploads\/2025\/01\/IMG_20250121_104127-edited-300x225.jpg 300w, https:\/\/kotzij.com.gt\/wp-content\/uploads\/2025\/01\/IMG_20250121_104127-edited-1024x768.jpg 1024w, https:\/\/kotzij.com.gt\/wp-content\/uploads\/2025\/01\/IMG_20250121_104127-edited-768x576.jpg 768w, https:\/\/kotzij.com.gt\/wp-content\/uploads\/2025\/01\/IMG_20250121_104127-edited-1536x1152.jpg 1536w, https:\/\/kotzij.com.gt\/wp-content\/uploads\/2025\/01\/IMG_20250121_104127-edited-2048x1536.jpg 2048w\" sizes=\"(max-width: 2560px) 100vw, 2560px\" \/><\/figure>\n\n\n\n<h3 class=\"wp-block-heading\">Sembramos<\/h3>\n\n\n\n<p class=\"has-medium-font-size\">Cada flor cuenta una historia de dedicaci\u00f3n. Desde el cultivo cuidadoso hasta la cosecha, cuidamos cada detalle para ofrecer la m\u00e1xima calidad. Trabajamos la tierra con respeto y pasi\u00f3n, permitiendo que la belleza natural florezca en cada p\u00e9talo.<\/p>\n<\/div>\n\n\n\n<div class=\"wp-block-column is-layout-flow wp-block-column-is-layout-flow\">\n<figure class=\"wp-block-image size-full\" style=\"margin-bottom:24px\"><img loading=\"lazy\" decoding=\"async\" width=\"1200\" height=\"800\" src=\"https:\/\/kotzij.com.gt\/wp-content\/uploads\/2025\/01\/7.png\" alt=\"\" class=\"wp-image-46\" style=\"aspect-ratio:4\/3;object-fit:cover\" srcset=\"https:\/\/kotzij.com.gt\/wp-content\/uploads\/2025\/01\/7.png 1200w, https:\/\/kotzij.com.gt\/wp-content\/uploads\/2025\/01\/7-300x200.png 300w, https:\/\/kotzij.com.gt\/wp-content\/uploads\/2025\/01\/7-1024x683.png 1024w, https:\/\/kotzij.com.gt\/wp-content\/uploads\/2025\/01\/7-768x512.png 768w\" sizes=\"(max-width: 1200px) 100vw, 1200px\" \/><\/figure>\n\n\n\n<h3 class=\"wp-block-heading\">Exportamos<\/h3>\n\n\n\n<p class=\"has-medium-font-size\">Llevamos la belleza natural m\u00e1s all\u00e1 de nuestras fronteras. Exportamos flores cultivadas con dedicaci\u00f3n y esmero, garantizando que cada env\u00edo refleje la frescura, calidad y perfecci\u00f3n que nos distingue.<\/p>\n<\/div>\n<\/div>\n<\/div><\/div>\n\n\n\n<div class=\"wp-block-group alignfull\" style=\"margin-top:0;margin-bottom:0;padding-top:var(--wp--preset--spacing--60);padding-bottom:var(--wp--preset--spacing--60)\"><div class=\"wp-block-group__inner-container is-layout-constrained wp-block-group-is-layout-constrained\">\n<div class=\"wp-block-columns alignwide is-layout-flex wp-container-core-columns-is-layout-8e1be784 wp-block-columns-is-layout-flex\">\n<div class=\"wp-block-column is-layout-flow wp-block-column-is-layout-flow\">\n<div class=\"wp-block-group is-vertical is-content-justification-left is-layout-flex wp-container-core-group-is-layout-126d0a7d wp-block-group-is-layout-flex\" style=\"min-height:100%\">\n<h2 class=\"wp-block-heading is-style-text-annotation has-x-small-font-size\">Las personas comentan<\/h2>\n\n\n\n<blockquote class=\"wp-block-quote is-style-plain has-x-large-font-size is-layout-flow wp-block-quote-is-layout-flow\" style=\"font-style:normal;font-weight:400\">\n<div class=\"wp-block-group is-content-justification-left\" style=\"margin-top:0;margin-bottom:0;padding-top:0;padding-right:0;padding-bottom:0;padding-left:0\"><div class=\"wp-block-group__inner-container is-layout-constrained wp-container-core-group-is-layout-49a82107 wp-block-group-is-layout-constrained\">\n<p class=\"has-xx-large-font-size\">\u201cLas flores de Kotzij son pura belleza y frescura, un toque de naturaleza en mi hogar.\u201d<\/p>\n<\/div><\/div>\n<cite>Sophie <br><sub>Francia<\/sub><\/cite><\/blockquote>\n<\/div>\n<\/div>\n\n\n\n<div class=\"wp-block-column is-layout-flow wp-block-column-is-layout-flow\" style=\"padding-top:0;padding-right:0;padding-bottom:0;padding-left:0\">\n<figure class=\"wp-block-image size-large\"><img loading=\"lazy\" decoding=\"async\" width=\"1024\" height=\"683\" src=\"https:\/\/kotzij.com.gt\/wp-content\/uploads\/2025\/01\/13-1024x683.png\" alt=\"\" class=\"wp-image-48\" style=\"aspect-ratio:1;object-fit:cover\" srcset=\"https:\/\/kotzij.com.gt\/wp-content\/uploads\/2025\/01\/13-1024x683.png 1024w, https:\/\/kotzij.com.gt\/wp-content\/uploads\/2025\/01\/13-300x200.png 300w, https:\/\/kotzij.com.gt\/wp-content\/uploads\/2025\/01\/13-768x512.png 768w, https:\/\/kotzij.com.gt\/wp-content\/uploads\/2025\/01\/13.png 1200w\" sizes=\"(max-width: 1024px) 100vw, 1024px\" \/><\/figure>\n<\/div>\n<\/div>\n<\/div><\/div>\n\n\n\n<div class=\"wp-block-group alignfull\" style=\"margin-top:0;margin-bottom:0;padding-top:var(--wp--preset--spacing--60);padding-bottom:var(--wp--preset--spacing--60)\"><div class=\"wp-block-group__inner-container is-layout-constrained wp-block-group-is-layout-constrained\">\n<div style=\"height:var(--wp--preset--spacing--40)\" aria-hidden=\"true\" class=\"wp-block-spacer\"><\/div>\n<\/div><\/div>\n\n\n\n<aside class=\"wp-block-group alignfull is-style-section-3\" style=\"margin-top:0;margin-bottom:0;padding-top:var(--wp--preset--spacing--50);padding-right:var(--wp--preset--spacing--50);padding-bottom:var(--wp--preset--spacing--50);padding-left:var(--wp--preset--spacing--50)\"><div class=\"wp-block-group__inner-container is-layout-constrained wp-container-core-group-is-layout-f69f53e0 wp-block-group-is-layout-constrained\"><\/div><\/aside>\n","protected":false},"excerpt":{"rendered":"<p>La belleza de la naturaleza en cada detalle Descubre nuestras delicadas flores, cultivadas con amor y dedicaci\u00f3n. Llenamos tus momentos especiales de color, fragancia y vida Acerca de nosotros En<\/p>\n<p><a href=\"https:\/\/kotzij.com.gt\/\" class=\"more-link\">Continuar Leyendo<span class=\"screen-reader-text\">KOTZ&#8217;IJ GUATEMALA S.A.<\/span><\/a><\/p>\n","protected":false},"author":1,"featured_media":78,"parent":0,"menu_order":0,"comment_status":"closed","ping_status":"closed","template":"","meta":{"footnotes":""},"class_list":["post-7","page","type-page","status-publish","has-post-thumbnail","hentry"],"_links":{"self":[{"href":"https:\/\/kotzij.com.gt\/index.php\/wp-json\/wp\/v2\/pages\/7","targetHints":{"allow":["GET"]}}],"collection":[{"href":"https:\/\/kotzij.com.gt\/index.php\/wp-json\/wp\/v2\/pages"}],"about":[{"href":"https:\/\/kotzij.com.gt\/index.php\/wp-json\/wp\/v2\/types\/page"}],"author":[{"embeddable":true,"href":"https:\/\/kotzij.com.gt\/index.php\/wp-json\/wp\/v2\/users\/1"}],"replies":[{"embeddable":true,"href":"https:\/\/kotzij.com.gt\/index.php\/wp-json\/wp\/v2\/comments?post=7"}],"version-history":[{"count":29,"href":"https:\/\/kotzij.com.gt\/index.php\/wp-json\/wp\/v2\/pages\/7\/revisions"}],"predecessor-version":[{"id":117,"href":"https:\/\/kotzij.com.gt\/index.php\/wp-json\/wp\/v2\/pages\/7\/revisions\/117"}],"wp:featuredmedia":[{"embeddable":true,"href":"https:\/\/kotzij.com.gt\/index.php\/wp-json\/wp\/v2\/media\/78"}],"wp:attachment":[{"href":"https:\/\/kotzij.com.gt\/index.php\/wp-json\/wp\/v2\/media?parent=7"}],"curies":[{"name":"wp","href":"https:\/\/api.w.org\/{rel}","templated":true}]}}